HEX
Server: LiteSpeed
System: Linux qamar.tasjeel.ae 5.14.0-611.49.2.el9_7.x86_64 #1 SMP PREEMPT_DYNAMIC Thu Apr 30 09:05:08 EDT 2026 x86_64
User: fidenzat (1586)
PHP: 8.2.30
Disabled: NONE
Upload Files
File: /home/fidenzat/access-logs/hajimarirealestate-ae.com.fidenzatravels.ae-ssl_log
147.161.161.26 - - [12/May/2026:12:08:45 +0000] "GET / HTTP/1.1" 200 0 "https://www.bing.com/" "Mozilla/5.0 (Windows NT 10.0; Win64; x64) AppleWebKit/537.36 (KHTML, like Gecko) Chrome/148.0.0.0 Safari/537.36 Edg/148.0.0.0"
147.161.161.26 - - [12/May/2026:12:08:46 +0000] "GET /favicon.ico HTTP/1.1" 404 1251 "https://www.hajimarirealestate-ae.com/" "Mozilla/5.0 (Windows NT 10.0; Win64; x64) AppleWebKit/537.36 (KHTML, like Gecko) Chrome/148.0.0.0 Safari/537.36 Edg/148.0.0.0"
66.249.64.234 - - [12/May/2026:12:11:07 +0000] "GET /?e=e17a48vvksv575c HTTP/1.1" 200 30331 "-" "Mozilla/5.0 (Linux; Android 6.0.1; Nexus 5X Build/MMB29P) AppleWebKit/537.36 (KHTML, like Gecko) Chrome/147.0.7727.137 Mobile Safari/537.36 (compatible; Googlebot/2.1; +http://www.google.com/bot.html)"
66.249.64.224 - - [12/May/2026:12:11:12 +0000] "GET /odr/order/apiGetCartItems/ HTTP/1.1" 200 32266 "https://hajimarirealestate-ae.com/?e=e17a48vvksv575c" "Mozilla/5.0 (Linux; Android 6.0.1; Nexus 5X Build/MMB29P) AppleWebKit/537.36 (KHTML, like Gecko) Chrome/147.0.7727.137 Mobile Safari/537.36 (compatible; Googlebot/2.1; +http://www.google.com/bot.html)"
66.249.64.234 - - [12/May/2026:12:11:35 +0000] "GET /resource/js/json/megadrop_2015new.json HTTP/1.1" 200 32284 "https://hajimarirealestate-ae.com/?e=e17a48vvksv575c" "Mozilla/5.0 (Linux; Android 6.0.1; Nexus 5X Build/MMB29P) AppleWebKit/537.36 (KHTML, like Gecko) Chrome/147.0.7727.137 Mobile Safari/537.36 (compatible; Googlebot/2.1; +http://www.google.com/bot.html)"
66.249.64.224 - - [12/May/2026:12:17:31 +0000] "GET /?e=eekmt98o9t8uz6p HTTP/1.1" 200 30238 "-" "Mozilla/5.0 (Linux; Android 6.0.1; Nexus 5X Build/MMB29P) AppleWebKit/537.36 (KHTML, like Gecko) Chrome/147.0.7727.137 Mobile Safari/537.36 (compatible; Googlebot/2.1; +http://www.google.com/bot.html)"
66.249.64.234 - - [12/May/2026:12:19:57 +0000] "GET /?e=ee3xogrc40rpud8 HTTP/1.1" 404 0 "-" "Mozilla/5.0 (Linux; Android 6.0.1; Nexus 5X Build/MMB29P) AppleWebKit/537.36 (KHTML, like Gecko) Chrome/147.0.7727.137 Mobile Safari/537.36 (compatible; GoogleOther)"
66.249.64.234 - - [12/May/2026:12:21:13 +0000] "GET /?e=e0p7mqde2adnanu HTTP/1.1" 404 0 "-" "Mozilla/5.0 (Linux; Android 6.0.1; Nexus 5X Build/MMB29P) AppleWebKit/537.36 (KHTML, like Gecko) Chrome/147.0.7727.137 Mobile Safari/537.36 (compatible; GoogleOther)"
66.249.64.225 - - [12/May/2026:12:23:55 +0000] "GET /?e=e0nwwcbncwbxh9s HTTP/1.1" 200 31449 "-" "Mozilla/5.0 (Linux; Android 6.0.1; Nexus 5X Build/MMB29P) AppleWebKit/537.36 (KHTML, like Gecko) Chrome/147.0.7727.137 Mobile Safari/537.36 (compatible; Googlebot/2.1; +http://www.google.com/bot.html)"
66.249.64.234 - - [12/May/2026:12:24:16 +0000] "GET /ctg/apiAllLCate/ HTTP/1.1" 200 31404 "https://hajimarirealestate-ae.com/?e=e0nwwcbncwbxh9s" "Mozilla/5.0 (Linux; Android 6.0.1; Nexus 5X Build/MMB29P) AppleWebKit/537.36 (KHTML, like Gecko) Chrome/147.0.7727.137 Mobile Safari/537.36 (compatible; Googlebot/2.1; +http://www.google.com/bot.html)"
66.249.64.225 - - [12/May/2026:12:30:57 +0000] "GET /?e=exs7ptge5dgqjqx HTTP/1.1" 404 0 "-" "Mozilla/5.0 (Linux; Android 6.0.1; Nexus 5X Build/MMB29P) AppleWebKit/537.36 (KHTML, like Gecko) Chrome/147.0.7727.137 Mobile Safari/537.36 (compatible; GoogleOther)"
66.249.64.225 - - [12/May/2026:12:31:39 +0000] "GET /?e=et0yldos1xomda5 HTTP/1.1" 200 29328 "-" "Mozilla/5.0 (Linux; Android 6.0.1; Nexus 5X Build/MMB29P) AppleWebKit/537.36 (KHTML, like Gecko) Chrome/147.0.7727.137 Mobile Safari/537.36 (compatible; Googlebot/2.1; +http://www.google.com/bot.html)"
66.249.64.234 - - [12/May/2026:12:32:54 +0000] "GET /?e=euvqswjn8gjtpt0 HTTP/1.1" 404 0 "-" "Mozilla/5.0 (Linux; Android 6.0.1; Nexus 5X Build/MMB29P) AppleWebKit/537.36 (KHTML, like Gecko) Chrome/147.0.7727.137 Mobile Safari/537.36 (compatible; GoogleOther)"
66.249.64.224 - - [12/May/2026:12:56:32 +0000] "GET /?e=ejs4ptgh5dgqqqx HTTP/1.1" 404 0 "-" "Mozilla/5.0 (Linux; Android 6.0.1; Nexus 5X Build/MMB29P) AppleWebKit/537.36 (KHTML, like Gecko) Chrome/147.0.7727.137 Mobile Safari/537.36 (compatible; GoogleOther)"
66.249.64.234 - - [12/May/2026:12:57:12 +0000] "GET /?e=et59euteuetfgra HTTP/1.1" 404 0 "-" "Mozilla/5.0 (Linux; Android 6.0.1; Nexus 5X Build/MMB29P) AppleWebKit/537.36 (KHTML, like Gecko) Chrome/147.0.7727.137 Mobile Safari/537.36 (compatible; GoogleOther)"
66.249.64.234 - - [12/May/2026:12:36:14 +0000] "GET /?e=f4urf7ibv3y8k8f HTTP/1.1" 404 0 "-" "Mozilla/5.0 (Linux; Android 6.0.1; Nexus 5X Build/MMB29P) AppleWebKit/537.36 (KHTML, like Gecko) Chrome/147.0.7727.137 Mobile Safari/537.36 (compatible; GoogleOther)"
66.249.64.225 - - [12/May/2026:12:37:19 +0000] "GET /?e=etfc0s3jgc31vpk HTTP/1.1" 200 30212 "-" "Mozilla/5.0 (Linux; Android 6.0.1; Nexus 5X Build/MMB29P) AppleWebKit/537.36 (KHTML, like Gecko) Chrome/147.0.7727.137 Mobile Safari/537.36 (compatible; Googlebot/2.1; +http://www.google.com/bot.html)"
66.249.64.224 - - [12/May/2026:12:43:43 +0000] "GET /?e=einvwcbscwbxm9s HTTP/1.1" 200 29290 "-" "Mozilla/5.0 (Linux; Android 6.0.1; Nexus 5X Build/MMB29P) AppleWebKit/537.36 (KHTML, like Gecko) Chrome/147.0.7727.137 Mobile Safari/537.36 (compatible; Googlebot/2.1; +http://www.google.com/bot.html)"
66.249.64.234 - - [12/May/2026:12:44:11 +0000] "GET /?e=e14o15smhps2729 HTTP/1.1" 404 0 "-" "Mozilla/5.0 (Linux; Android 6.0.1; Nexus 5X Build/MMB29P) AppleWebKit/537.36 (KHTML, like Gecko) Chrome/147.0.7727.137 Mobile Safari/537.36 (compatible; GoogleOther)"
66.249.64.234 - - [12/May/2026:12:44:38 +0000] "GET /?e=e0nwwcbncwbxh9s HTTP/1.1" 404 0 "-" "Mozilla/5.0 (Linux; Android 6.0.1; Nexus 5X Build/MMB29P) AppleWebKit/537.36 (KHTML, like Gecko) Chrome/147.0.7727.137 Mobile Safari/537.36 (compatible; GoogleOther)"
66.249.64.225 - - [12/May/2026:12:50:42 +0000] "GET /?e=emkgt98n9t8uu6p HTTP/1.1" 200 30006 "-" "Mozilla/5.0 (Linux; Android 6.0.1; Nexus 5X Build/MMB29P) AppleWebKit/537.36 (KHTML, like Gecko) Chrome/147.0.7727.137 Mobile Safari/537.36 (compatible; Googlebot/2.1; +http://www.google.com/bot.html)"
66.249.64.224 - - [12/May/2026:12:51:12 +0000] "GET /?e=db6grju773ustgb HTTP/1.1" 404 0 "-" "Mozilla/5.0 (Linux; Android 6.0.1; Nexus 5X Build/MMB29P) AppleWebKit/537.36 (KHTML, like Gecko) Chrome/147.0.7727.137 Mobile Safari/537.36 (compatible; GoogleOther)"
66.249.64.224 - - [12/May/2026:12:54:17 +0000] "GET /?e=ex0lldoc1xom1a5 HTTP/1.1" 404 0 "-" "Mozilla/5.0 (Linux; Android 6.0.1; Nexus 5X Build/MMB29P) AppleWebKit/537.36 (KHTML, like Gecko) Chrome/147.0.7727.137 Mobile Safari/537.36 (compatible; GoogleOther)"
66.249.64.234 - - [12/May/2026:12:55:14 +0000] "GET /?e=e3fq0s3ogc31spk HTTP/1.1" 404 0 "-" "Mozilla/5.0 (Linux; Android 6.0.1; Nexus 5X Build/MMB29P) AppleWebKit/537.36 (KHTML, like Gecko) Chrome/147.0.7727.137 Mobile Safari/537.36 (compatible; GoogleOther)"
66.249.64.225 - - [12/May/2026:13:01:49 +0000] "GET /?e=einvwcbscwbxm9s HTTP/1.1" 404 0 "-" "Mozilla/5.0 (Linux; Android 6.0.1; Nexus 5X Build/MMB29P) AppleWebKit/537.36 (KHTML, like Gecko) Chrome/147.0.7727.137 Mobile Safari/537.36 (compatible; GoogleOther)"
143.198.14.151 - - [12/May/2026:13:05:25 +0000] "GET / HTTP/1.1" 200 0 "-" "Mozilla/5.0 (X11; Linux x86_64) AppleWebKit/537.36 (KHTML, like Gecko) Chrome/142.0.0.0 Safari/537.36"
143.198.14.151 - - [12/May/2026:13:05:27 +0000] "GET /favicon.ico HTTP/1.1" 404 1251 "https://www.hajimarirealestate-ae.com/" "Mozilla/5.0 (X11; Linux x86_64) AppleWebKit/537.36 (KHTML, like Gecko) Chrome/142.0.0.0 Safari/537.36"
66.249.64.234 - - [12/May/2026:13:05:40 +0000] "GET /?e=ejzy8onso8n98l4 HTTP/1.1" 404 0 "-" "Mozilla/5.0 (Linux; Android 6.0.1; Nexus 5X Build/MMB29P) AppleWebKit/537.36 (KHTML, like Gecko) Chrome/147.0.7727.137 Mobile Safari/537.36 (compatible; GoogleOther)"
66.249.64.234 - - [12/May/2026:13:06:00 +0000] "GET /?e=ek64rjul73usigb HTTP/1.1" 404 0 "-" "Mozilla/5.0 (Linux; Android 6.0.1; Nexus 5X Build/MMB29P) AppleWebKit/537.36 (KHTML, like Gecko) Chrome/147.0.7727.137 Mobile Safari/537.36 (compatible; GoogleOther)"
66.249.64.224 - - [12/May/2026:13:07:10 +0000] "GET /?e=etfc0s3jgc31vpk HTTP/1.1" 404 0 "-" "Mozilla/5.0 (Linux; Android 6.0.1; Nexus 5X Build/MMB29P) AppleWebKit/537.36 (KHTML, like Gecko) Chrome/147.0.7727.137 Mobile Safari/537.36 (compatible; GoogleOther)"
66.249.64.225 - - [12/May/2026:13:15:40 +0000] "GET /?e=efe1n32u3n2o90j HTTP/1.1" 404 0 "-" "Mozilla/5.0 (Linux; Android 6.0.1; Nexus 5X Build/MMB29P) AppleWebKit/537.36 (KHTML, like Gecko) Chrome/147.0.7727.137 Mobile Safari/537.36 (compatible; GoogleOther)"
66.249.64.234 - - [12/May/2026:13:16:34 +0000] "GET /?e=dfm2jnazz7ak1kr HTTP/1.1" 404 0 "-" "Mozilla/5.0 (Linux; Android 6.0.1; Nexus 5X Build/MMB29P) AppleWebKit/537.36 (KHTML, like Gecko) Chrome/147.0.7727.137 Mobile Safari/537.36 (compatible; GoogleOther)"
66.249.64.224 - - [12/May/2026:13:20:42 +0000] "GET /?e=ey6jrjud73usigb HTTP/1.1" 404 0 "-" "Mozilla/5.0 (Linux; Android 6.0.1; Nexus 5X Build/MMB29P) AppleWebKit/537.36 (KHTML, like Gecko) Chrome/147.0.7727.137 Mobile Safari/537.36 (compatible; GoogleOther)"
66.249.64.234 - - [12/May/2026:13:27:06 +0000] "GET /?e=ec1yy2pnempz7z6 HTTP/1.1" 404 0 "-" "Mozilla/5.0 (Linux; Android 6.0.1; Nexus 5X Build/MMB29P) AppleWebKit/537.36 (KHTML, like Gecko) Chrome/147.0.7727.137 Mobile Safari/537.36 (compatible; GoogleOther)"
66.249.64.224 - - [12/May/2026:13:27:11 +0000] "GET /?e=ef5leuthuetfnra HTTP/1.1" 404 0 "-" "Mozilla/5.0 (Linux; Android 6.0.1; Nexus 5X Build/MMB29P) AppleWebKit/537.36 (KHTML, like Gecko) Chrome/147.0.7727.137 Mobile Safari/537.36 (compatible; GoogleOther)"
66.249.64.225 - - [12/May/2026:13:37:09 +0000] "GET /?e=eqwo5lkil5k6ti1 HTTP/1.1" 404 0 "-" "Mozilla/5.0 (Linux; Android 6.0.1; Nexus 5X Build/MMB29P) AppleWebKit/537.36 (KHTML, like Gecko) Chrome/147.0.7727.137 Mobile Safari/537.36 (compatible; GoogleOther)"
66.249.64.234 - - [12/May/2026:13:37:45 +0000] "GET /?e=e9ze8onso8n94l4 HTTP/1.1" 404 0 "-" "Mozilla/5.0 (Linux; Android 6.0.1; Nexus 5X Build/MMB29P) AppleWebKit/537.36 (KHTML, like Gecko) Chrome/147.0.7727.137 Mobile Safari/537.36 (compatible; GoogleOther)"
66.249.64.225 - - [12/May/2026:13:43:42 +0000] "GET /?e=eq09ldou1xomla5 HTTP/1.1" 404 0 "-" "Mozilla/5.0 (Linux; Android 6.0.1; Nexus 5X Build/MMB29P) AppleWebKit/537.36 (KHTML, like Gecko) Chrome/147.0.7727.137 Mobile Safari/537.36 (compatible; GoogleOther)"
66.249.64.224 - - [12/May/2026:13:47:11 +0000] "GET /?e=e42jbrqgrbqcto7 HTTP/1.1" 404 0 "-" "Mozilla/5.0 (Linux; Android 6.0.1; Nexus 5X Build/MMB29P) AppleWebKit/537.36 (KHTML, like Gecko) Chrome/147.0.7727.137 Mobile Safari/537.36 (compatible; GoogleOther)"
147.185.132.231 - - [12/May/2026:13:50:36 +0000] "GET / HTTP/1.1" 200 0 "-" "Hello from Palo Alto Networks, find out more about our scans in https://docs-cortex.paloaltonetworks.com/r/1/Cortex-Xpanse/Scanning-activity"
216.73.217.45 - - [12/May/2026:13:52:12 +0000] "GET /robots.txt HTTP/2" 200 105 "-" "Mozilla/5.0 AppleWebKit/537.36 (KHTML, like Gecko; compatible; ClaudeBot/1.0; +claudebot@anthropic.com)"
216.73.217.45 - - [12/May/2026:13:52:12 +0000] "GET /index.php/sitemap.xml HTTP/2" 404 0 "-" "Mozilla/5.0 AppleWebKit/537.36 (KHTML, like Gecko; compatible; ClaudeBot/1.0; +claudebot@anthropic.com)"
66.249.64.234 - - [12/May/2026:13:58:32 +0000] "GET /?e=e04x15sjhps2u29 HTTP/1.1" 404 0 "-" "Mozilla/5.0 (Linux; Android 6.0.1; Nexus 5X Build/MMB29P) AppleWebKit/537.36 (KHTML, like Gecko) Chrome/147.0.7727.137 Mobile Safari/537.36 (compatible; GoogleOther)"
44.211.151.22 - - [12/May/2026:13:59:18 +0000] "GET / HTTP/1.1" 200 0 "-" "Mozilla/5.0 (Macintosh; Intel Mac OS X 10_13_6) AppleWebKit/537.36 (KHTML, like Gecko) Chrome/73.0.3683.103 Safari/537.36"
52.125.141.24 - - [12/May/2026:14:08:50 +0000] "POST /autodiscover/autodiscover.xml HTTP/1.1" 200 368 "-" "OutlookMobileCloudService-Autodetect/1.0.0"
52.125.141.24 - - [12/May/2026:14:08:50 +0000] "POST /autodiscover/autodiscover.xml HTTP/1.1" 200 368 "-" "OutlookMobileCloudService-Autodetect/1.0.0"
52.125.141.24 - - [12/May/2026:14:09:06 +0000] "POST /autodiscover/autodiscover.xml HTTP/1.1" 200 368 "-" "OutlookMobileCloudService-Autodetect/1.0.0"
52.125.141.24 - - [12/May/2026:14:09:11 +0000] "POST /autodiscover/autodiscover.xml HTTP/1.1" 200 368 "-" "OutlookMobileCloudService-Autodetect/1.0.0"
207.46.13.150 - - [12/May/2026:14:10:03 +0000] "GET / HTTP/2" 404 0 "-" "Mozilla/5.0 AppleWebKit/537.36 (KHTML, like Gecko; compatible; bingbot/2.0; +http://www.bing.com/bingbot.htm) Chrome/116.0.1938.76 Safari/537.36"
52.125.141.22 - - [12/May/2026:14:16:55 +0000] "POST /autodiscover/autodiscover.xml HTTP/1.1" 200 368 "-" "OutlookMobileCloudService-Autodetect/1.0.0"
52.125.141.22 - - [12/May/2026:14:16:55 +0000] "POST /autodiscover/autodiscover.xml HTTP/1.1" 200 368 "-" "OutlookMobileCloudService-Autodetect/1.0.0"
52.125.141.16 - - [12/May/2026:14:17:09 +0000] "POST /autodiscover/autodiscover.xml HTTP/1.1" 200 368 "-" "OutlookMobileCloudService-Autodetect/1.0.0"
52.125.141.16 - - [12/May/2026:14:17:14 +0000] "POST /autodiscover/autodiscover.xml HTTP/1.1" 200 368 "-" "OutlookMobileCloudService-Autodetect/1.0.0"
66.249.64.224 - - [12/May/2026:14:19:57 +0000] "GET /?e=ezhnq65v6q5rx3m HTTP/1.1" 404 0 "-" "Mozilla/5.0 (Linux; Android 6.0.1; Nexus 5X Build/MMB29P) AppleWebKit/537.36 (KHTML, like Gecko) Chrome/147.0.7727.137 Mobile Safari/537.36 (compatible; GoogleOther)"
159.203.42.58 - - [12/May/2026:14:29:26 +0000] "GET / HTTP/1.1" 200 0 "-" "Mozilla/5.0 (X11; Linux x86_64; rv:142.0) Gecko/20100101 Firefox/142.0"
159.203.42.58 - - [12/May/2026:14:29:30 +0000] "GET /favicon.ico HTTP/1.1" 404 1251 "https://hajimarirealestate-ae.com/" "Mozilla/5.0 (X11; Linux x86_64; rv:142.0) Gecko/20100101 Firefox/142.0"
66.249.64.224 - - [12/May/2026:14:38:26 +0000] "GET /?e=ew07ldod1xomsa5 HTTP/1.1" 404 0 "-" "Mozilla/5.0 (Linux; Android 6.0.1; Nexus 5X Build/MMB29P) AppleWebKit/537.36 (KHTML, like Gecko) Chrome/147.0.7727.137 Mobile Safari/537.36 (compatible; GoogleOther)"
66.249.64.225 - - [12/May/2026:14:33:51 +0000] "GET /?e=epop91cpplcauyt HTTP/1.1" 404 0 "-" "Mozilla/5.0 (Linux; Android 6.0.1; Nexus 5X Build/MMB29P) AppleWebKit/537.36 (KHTML, like Gecko) Chrome/147.0.7727.137 Mobile Safari/537.36 (compatible; GoogleOther)"
66.249.64.234 - - [12/May/2026:14:41:35 +0000] "GET /?e=ewhiq65c6q5rw3m HTTP/1.1" 404 0 "-" "Mozilla/5.0 (Linux; Android 6.0.1; Nexus 5X Build/MMB29P) AppleWebKit/537.36 (KHTML, like Gecko) Chrome/147.0.7727.137 Mobile Safari/537.36 (compatible; GoogleOther)"
45.227.253.15 - - [12/May/2026:14:41:58 +0000] "GET /images/images/index.php?ARRAY=7o2230223n313737383630313030392p2231223n22687474703n5p2s5p2s6877623135357630352r636s756p64696p652r78797n5p2s3s6p633q78696164616r5s72616r645s7061746826743q313737383539373430392q3337323536343065373632363734643731623831663062373265373964636236222p2232223n226436343633306664613532396330366330356131313566643737643835633633222p2233223n226337323238396637353332643736333933656134353438643033306533346137222p2262696r675s70617373223n2233302q33362q35352q36372q37392q38312q3236227q HTTP/1.1" 200 491 "-" "Mozilla/5.0 (Macintosh; Intel Mac OS X 10.13; rv:103.0) Gecko/20100101 Firefox/103.0"
66.249.64.225 - - [12/May/2026:14:43:12 +0000] "GET /?e=ecy5vzmrbjmw8w3 HTTP/1.1" 404 0 "-" "Mozilla/5.0 (Linux; Android 6.0.1; Nexus 5X Build/MMB29P) AppleWebKit/537.36 (KHTML, like Gecko) Chrome/147.0.7727.137 Mobile Safari/537.36 (compatible; GoogleOther)"
66.249.64.130 - - [12/May/2026:14:50:06 +0000] "GET /?e=dcj4gk7xw47hkho HTTP/1.1" 200 29612 "-" "Mozilla/5.0 (Linux; Android 6.0.1; Nexus 5X Build/MMB29P) AppleWebKit/537.36 (KHTML, like Gecko) Chrome/147.0.7727.137 Mobile Safari/537.36 (compatible; Googlebot/2.1; +http://www.google.com/bot.html)"
66.249.64.225 - - [12/May/2026:14:50:16 +0000] "GET /?e=eij1gk7gw47huho HTTP/1.1" 200 29228 "-" "Mozilla/5.0 (Linux; Android 6.0.1; Nexus 5X Build/MMB29P) AppleWebKit/537.36 (KHTML, like Gecko) Chrome/147.0.7727.137 Mobile Safari/537.36 (compatible; Googlebot/2.1; +http://www.google.com/bot.html)"
66.249.64.234 - - [12/May/2026:14:53:23 +0000] "GET /?e=ejs4ptgh5dgqqqx HTTP/1.1" 200 30224 "-" "Mozilla/5.0 (Linux; Android 6.0.1; Nexus 5X Build/MMB29P) AppleWebKit/537.36 (KHTML, like Gecko) Chrome/147.0.7727.137 Mobile Safari/537.36 (compatible; Googlebot/2.1; +http://www.google.com/bot.html)"
66.249.64.224 - - [12/May/2026:14:56:38 +0000] "GET / HTTP/1.1" 200 34110 "-" "Mozilla/5.0 (Linux; Android 6.0.1; Nexus 5X Build/MMB29P) AppleWebKit/537.36 (KHTML, like Gecko) Chrome/147.0.7727.137 Mobile Safari/537.36 (compatible; Googlebot/2.1; +http://www.google.com/bot.html)"
66.249.64.224 - - [12/May/2026:14:59:54 +0000] "GET /?e=ev3wogrl40rp5d8 HTTP/1.1" 200 29922 "-" "Mozilla/5.0 (Linux; Android 6.0.1; Nexus 5X Build/MMB29P) AppleWebKit/537.36 (KHTML, like Gecko) Chrome/147.0.7727.137 Mobile Safari/537.36 (compatible; Googlebot/2.1; +http://www.google.com/bot.html)"
66.249.64.225 - - [12/May/2026:15:03:10 +0000] "GET /?e=e3rvc4fdsofdh1w HTTP/1.1" 200 29859 "-" "Mozilla/5.0 (Linux; Android 6.0.1; Nexus 5X Build/MMB29P) AppleWebKit/537.36 (KHTML, like Gecko) Chrome/147.0.7727.137 Mobile Safari/537.36 (compatible; Googlebot/2.1; +http://www.google.com/bot.html)"
66.249.64.234 - - [12/May/2026:15:03:45 +0000] "GET /?e=exf50s3sgc31kpk HTTP/1.1" 404 0 "-" "Mozilla/5.0 (Linux; Android 6.0.1; Nexus 5X Build/MMB29P) AppleWebKit/537.36 (KHTML, like Gecko) Chrome/147.0.7727.137 Mobile Safari/537.36 (compatible; GoogleOther)"
207.46.13.130 - - [12/May/2026:15:04:19 +0000] "GET / HTTP/2" 404 0 "-" "Mozilla/5.0 AppleWebKit/537.36 (KHTML, like Gecko; compatible; bingbot/2.0; +http://www.bing.com/bingbot.htm) Chrome/116.0.1938.76 Safari/537.36"
66.249.64.234 - - [12/May/2026:15:06:25 +0000] "GET /?e=elt62ihii2h3cfy HTTP/1.1" 200 30684 "-" "Mozilla/5.0 (Linux; Android 6.0.1; Nexus 5X Build/MMB29P) AppleWebKit/537.36 (KHTML, like Gecko) Chrome/147.0.7727.137 Mobile Safari/537.36 (compatible; Googlebot/2.1; +http://www.google.com/bot.html)"
74.7.241.187 - - [12/May/2026:15:07:55 +0000] "GET /robots.txt HTTP/2" 200 105 "-" "Mozilla/5.0 (Macintosh; Intel Mac OS X 10_15_7) AppleWebKit/537.36 (KHTML, like Gecko) Chrome/131.0.0.0 Safari/537.36; compatible; OAI-SearchBot/1.3; robots.txt; +https://openai.com/searchbot"
74.7.175.155 - - [12/May/2026:15:07:55 +0000] "GET /robots.txt HTTP/2" 200 105 "-" "Mozilla/5.0 (Macintosh; Intel Mac OS X 10_15_7) AppleWebKit/537.36 (KHTML, like Gecko) Chrome/131.0.0.0 Safari/537.36; compatible; OAI-SearchBot/1.3; robots.txt; +https://openai.com/searchbot"
66.249.64.225 - - [12/May/2026:15:09:41 +0000] "GET /?e=e8bzk0zg0kzluxg HTTP/1.1" 200 29980 "-" "Mozilla/5.0 (Linux; Android 6.0.1; Nexus 5X Build/MMB29P) AppleWebKit/537.36 (KHTML, like Gecko) Chrome/147.0.7727.137 Mobile Safari/537.36 (compatible; Googlebot/2.1; +http://www.google.com/bot.html)"
104.152.52.244 - - [12/May/2026:15:13:05 +0000] "GET / HTTP/1.1" 404 0 "-" "curl/7.61.1"
66.249.64.225 - - [12/May/2026:15:14:22 +0000] "GET /?e=ej3zogrf40rpnd8 HTTP/1.1" 404 0 "-" "Mozilla/5.0 (Linux; Android 6.0.1; Nexus 5X Build/MMB29P) AppleWebKit/537.36 (KHTML, like Gecko) Chrome/147.0.7727.137 Mobile Safari/537.36 (compatible; GoogleOther)"
66.249.64.224 - - [12/May/2026:15:16:14 +0000] "GET /?e=ez13y2peempzoz6 HTTP/1.1" 200 29215 "-" "Mozilla/5.0 (Linux; Android 6.0.1; Nexus 5X Build/MMB29P) AppleWebKit/537.36 (KHTML, like Gecko) Chrome/147.0.7727.137 Mobile Safari/537.36 (compatible; Googlebot/2.1; +http://www.google.com/bot.html)"
66.249.64.234 - - [12/May/2026:15:24:11 +0000] "GET /?e=eogedh4it14etel HTTP/1.1" 404 0 "-" "Mozilla/5.0 (Linux; Android 6.0.1; Nexus 5X Build/MMB29P) AppleWebKit/537.36 (KHTML, like Gecko) Chrome/147.0.7727.137 Mobile Safari/537.36 (compatible; GoogleOther)"
216.73.217.45 - - [12/May/2026:15:25:08 +0000] "GET /robots.txt HTTP/2" 200 105 "-" "Mozilla/5.0 AppleWebKit/537.36 (KHTML, like Gecko; compatible; ClaudeBot/1.0; +claudebot@anthropic.com)"
216.73.217.45 - - [12/May/2026:15:25:08 +0000] "GET /index.php/sitemap.xml HTTP/2" 404 0 "-" "Mozilla/5.0 AppleWebKit/537.36 (KHTML, like Gecko; compatible; ClaudeBot/1.0; +claudebot@anthropic.com)"
66.249.64.225 - - [12/May/2026:15:25:09 +0000] "GET /?e=d07048vxksv5k5c HTTP/1.1" 404 0 "-" "Mozilla/5.0 (Linux; Android 6.0.1; Nexus 5X Build/MMB29P) AppleWebKit/537.36 (KHTML, like Gecko) Chrome/147.0.7727.137 Mobile Safari/537.36 (compatible; GoogleOther)"
66.249.64.234 - - [12/May/2026:15:34:56 +0000] "GET /?e=eu5geutkuetfkra HTTP/1.1" 404 0 "-" "Mozilla/5.0 (Linux; Android 6.0.1; Nexus 5X Build/MMB29P) AppleWebKit/537.36 (KHTML, like Gecko) Chrome/147.0.7727.137 Mobile Safari/537.36 (compatible; GoogleOther)"
66.249.64.234 - - [12/May/2026:15:50:24 +0000] "GET /?e=e9rgc4fnsofdr1w HTTP/1.1" 404 0 "-" "Mozilla/5.0 (Linux; Android 6.0.1; Nexus 5X Build/MMB29P) AppleWebKit/537.36 (KHTML, like Gecko) Chrome/147.0.7727.137 Mobile Safari/537.36 (compatible; GoogleOther)"
66.249.64.224 - - [12/May/2026:15:54:45 +0000] "GET /?e=eyutf7iovrigt4z HTTP/1.1" 200 31118 "-" "Mozilla/5.0 (Linux; Android 6.0.1; Nexus 5X Build/MMB29P) AppleWebKit/537.36 (KHTML, like Gecko) Chrome/147.0.7727.137 Mobile Safari/537.36 (compatible; Googlebot/2.1; +http://www.google.com/bot.html)"
66.249.64.224 - - [12/May/2026:15:57:13 +0000] "GET /?e=e1w25lkkl5k6xi1 HTTP/1.1" 404 0 "-" "Mozilla/5.0 (Linux; Android 6.0.1; Nexus 5X Build/MMB29P) AppleWebKit/537.36 (KHTML, like Gecko) Chrome/147.0.7727.137 Mobile Safari/537.36 (compatible; GoogleOther)"
66.249.64.234 - - [12/May/2026:16:00:11 +0000] "GET /?e=ewkmt98o9t8uz6p HTTP/1.1" 404 0 "-" "Mozilla/5.0 (Linux; Android 6.0.1; Nexus 5X Build/MMB29P) AppleWebKit/537.36 (KHTML, like Gecko) Chrome/147.0.7727.137 Mobile Safari/537.36 (compatible; GoogleOther)"
66.249.64.225 - - [12/May/2026:16:04:06 +0000] "GET /?e=dp8jhxwgxhwi4ud HTTP/1.1" 404 0 "-" "Mozilla/5.0 (Linux; Android 6.0.1; Nexus 5X Build/MMB29P) AppleWebKit/537.36 (KHTML, like Gecko) Chrome/147.0.7727.137 Mobile Safari/537.36 (compatible; GoogleOther)"
66.249.64.225 - - [12/May/2026:16:10:50 +0000] "GET /?e=edac7bylnvy8c8f HTTP/1.1" 404 0 "-" "Mozilla/5.0 (Linux; Android 6.0.1; Nexus 5X Build/MMB29P) AppleWebKit/537.36 (KHTML, like Gecko) Chrome/147.0.7727.137 Mobile Safari/537.36 (compatible; GoogleOther)"
66.249.64.224 - - [12/May/2026:16:06:28 +0000] "GET /?e=e35ceutluetfrra HTTP/1.1" 404 0 "-" "Mozilla/5.0 (Linux; Android 6.0.1; Nexus 5X Build/MMB29P) AppleWebKit/537.36 (KHTML, like Gecko) Chrome/147.0.7727.137 Mobile Safari/537.36 (compatible; GoogleOther)"
66.249.64.234 - - [12/May/2026:16:22:33 +0000] "GET /?e=eycjxp0od90ynmh HTTP/1.1" 404 0 "-" "Mozilla/5.0 (Linux; Android 6.0.1; Nexus 5X Build/MMB29P) AppleWebKit/537.36 (KHTML, like Gecko) Chrome/147.0.7727.137 Mobile Safari/537.36 (compatible; GoogleOther)"
66.249.64.224 - - [12/May/2026:16:26:20 +0000] "GET /?e=eewq5lkkl5k6ji1 HTTP/1.1" 404 0 "-" "Mozilla/5.0 (Linux; Android 6.0.1; Nexus 5X Build/MMB29P) AppleWebKit/537.36 (KHTML, like Gecko) Chrome/147.0.7727.137 Mobile Safari/537.36 (compatible; GoogleOther)"
66.249.64.225 - - [12/May/2026:16:30:09 +0000] "GET /?e=ebc8xp0jd90y4mh HTTP/1.1" 404 0 "-" "Mozilla/5.0 (Linux; Android 6.0.1; Nexus 5X Build/MMB29P) AppleWebKit/537.36 (KHTML, like Gecko) Chrome/147.0.7727.137 Mobile Safari/537.36 (compatible; GoogleOther)"
3.231.151.71 - - [12/May/2026:16:32:54 +0000] "GET / HTTP/1.1" 404 0 "-" "Mozilla/5.0 (Windows; U; Windows NT 6.1; en-US) AppleWebKit/533.20.25 (KHTML, like Gecko) Version/5.0.4 Safari/533.20.27"
189.99.162.165 - - [12/May/2026:16:35:34 +0000] "POST /xmlrpc.php HTTP/1.1" 200 0 "-" "Mozilla/5.0 (Linux; Android 10; x86) AppleWebKit/537.36 (KHTML, like Gecko) Edge/87.0.0.0 Safari/537.36"
66.249.64.234 - - [12/May/2026:16:36:11 +0000] "GET /?e=e2rac4fhsofdn1w HTTP/1.1" 404 0 "-" "Mozilla/5.0 (Linux; Android 6.0.1; Nexus 5X Build/MMB29P) AppleWebKit/537.36 (KHTML, like Gecko) Chrome/147.0.7727.137 Mobile Safari/537.36 (compatible; GoogleOther)"
66.249.64.234 - - [12/May/2026:16:40:09 +0000] "GET /?e=e84g15sfhps2a29 HTTP/1.1" 404 0 "-" "Mozilla/5.0 (Linux; Android 6.0.1; Nexus 5X Build/MMB29P) AppleWebKit/537.36 (KHTML, like Gecko) Chrome/147.0.7727.137 Mobile Safari/537.36 (compatible; GoogleOther)"
66.249.64.225 - - [12/May/2026:16:48:36 +0000] "GET /?e=ec9tumxea6xvije HTTP/1.1" 404 0 "-" "Mozilla/5.0 (Linux; Android 6.0.1; Nexus 5X Build/MMB29P) AppleWebKit/537.36 (KHTML, like Gecko) Chrome/147.0.7727.137 Mobile Safari/537.36 (compatible; GoogleOther)"
66.249.64.225 - - [12/May/2026:16:49:49 +0000] "GET /?e=dnir3v6zjf64lsn HTTP/1.1" 404 0 "-" "Mozilla/5.0 (Linux; Android 6.0.1; Nexus 5X Build/MMB29P) AppleWebKit/537.36 (KHTML, like Gecko) Chrome/147.0.7727.137 Mobile Safari/537.36 (compatible; GoogleOther)"
66.249.64.234 - - [12/May/2026:16:50:11 +0000] "GET /?e=e6p0mqdb2adn7nu HTTP/1.1" 404 0 "-" "Mozilla/5.0 (Linux; Android 6.0.1; Nexus 5X Build/MMB29P) AppleWebKit/537.36 (KHTML, like Gecko) Chrome/147.0.7727.137 Mobile Safari/537.36 (compatible; GoogleOther)"
66.249.64.224 - - [12/May/2026:16:55:50 +0000] "GET /?e=e59bumxja6xvdje HTTP/1.1" 404 0 "-" "Mozilla/5.0 (Linux; Android 6.0.1; Nexus 5X Build/MMB29P) AppleWebKit/537.36 (KHTML, like Gecko) Chrome/147.0.7727.137 Mobile Safari/537.36 (compatible; GoogleOther)"
66.249.64.225 - - [12/May/2026:17:01:20 +0000] "GET /?e=eny1vzm9bjmw4w3 HTTP/1.1" 404 0 "-" "Mozilla/5.0 (Linux; Android 6.0.1; Nexus 5X Build/MMB29P) AppleWebKit/537.36 (KHTML, like Gecko) Chrome/147.0.7727.137 Mobile Safari/537.36 (compatible; GoogleOther)"
66.249.64.225 - - [12/May/2026:17:05:08 +0000] "GET /?e=euvkswjl8gjtzt0 HTTP/1.1" 404 0 "-" "Mozilla/5.0 (Linux; Android 6.0.1; Nexus 5X Build/MMB29P) AppleWebKit/537.36 (KHTML, like Gecko) Chrome/147.0.7727.137 Mobile Safari/537.36 (compatible; GoogleOther)"
66.249.64.224 - - [12/May/2026:17:08:34 +0000] "GET /?e=ed0kldos1xomla5 HTTP/1.1" 404 0 "-" "Mozilla/5.0 (Linux; Android 6.0.1; Nexus 5X Build/MMB29P) AppleWebKit/537.36 (KHTML, like Gecko) Chrome/147.0.7727.137 Mobile Safari/537.36 (compatible; GoogleOther)"
44.222.145.0 - - [12/May/2026:17:21:05 +0000] "GET / HTTP/1.1" 404 0 "-" "Mozilla/5.0 (Windows; U; Windows NT 6.1; en-US) AppleWebKit/533.20.25 (KHTML, like Gecko) Version/5.0.4 Safari/533.20.27"
66.249.64.224 - - [12/May/2026:17:27:19 +0000] "GET /?e=efugf7ilvrigs4z HTTP/1.1" 404 0 "-" "Mozilla/5.0 (Linux; Android 6.0.1; Nexus 5X Build/MMB29P) AppleWebKit/537.36 (KHTML, like Gecko) Chrome/147.0.7727.137 Mobile Safari/537.36 (compatible; GoogleOther)"
216.73.217.45 - - [12/May/2026:17:44:47 +0000] "GET /robots.txt HTTP/2" 200 105 "-" "Mozilla/5.0 AppleWebKit/537.36 (KHTML, like Gecko; compatible; ClaudeBot/1.0; +claudebot@anthropic.com)"
216.73.217.45 - - [12/May/2026:17:44:47 +0000] "GET /index.php/sitemap.xml HTTP/2" 404 0 "-" "Mozilla/5.0 AppleWebKit/537.36 (KHTML, like Gecko; compatible; ClaudeBot/1.0; +claudebot@anthropic.com)"
66.249.64.234 - - [12/May/2026:17:46:04 +0000] "GET /?e=e3clxp0gd90yhmh HTTP/1.1" 404 0 "-" "Mozilla/5.0 (Linux; Android 6.0.1; Nexus 5X Build/MMB29P) AppleWebKit/537.36 (KHTML, like Gecko) Chrome/147.0.7727.137 Mobile Safari/537.36 (compatible; GoogleOther)"
66.249.64.234 - - [12/May/2026:18:01:41 +0000] "GET /?e=e1th2ihfi2h31fy HTTP/1.1" 404 0 "-" "Mozilla/5.0 (Linux; Android 6.0.1; Nexus 5X Build/MMB29P) AppleWebKit/537.36 (KHTML, like Gecko) Chrome/147.0.7727.137 Mobile Safari/537.36 (compatible; GoogleOther)"
66.249.64.234 - - [12/May/2026:18:16:04 +0000] "GET /?e=essoptgc5dgqrqx HTTP/1.1" 404 0 "-" "Mozilla/5.0 (Linux; Android 6.0.1; Nexus 5X Build/MMB29P) AppleWebKit/537.36 (KHTML, like Gecko) Chrome/147.0.7727.137 Mobile Safari/537.36 (compatible; GoogleOther)"
66.249.64.225 - - [12/May/2026:19:00:41 +0000] "GET /?e=e6pkmqdi2adn2nu HTTP/1.1" 404 0 "-" "Mozilla/5.0 (Linux; Android 6.0.1; Nexus 5X Build/MMB29P) AppleWebKit/537.36 (KHTML, like Gecko) Chrome/147.0.7727.137 Mobile Safari/537.36 (compatible; GoogleOther)"
66.249.64.234 - - [12/May/2026:19:17:21 +0000] "GET /?e=e2w15lknl5k6mi1 HTTP/1.1" 404 0 "-" "Mozilla/5.0 (Linux; Android 6.0.1; Nexus 5X Build/MMB29P) AppleWebKit/537.36 (KHTML, like Gecko) Chrome/147.0.7727.137 Mobile Safari/537.36 (compatible; GoogleOther)"
74.7.241.140 - - [12/May/2026:19:18:50 +0000] "GET /robots.txt HTTP/2" 200 105 "-" "Mozilla/5.0 (Macintosh; Intel Mac OS X 10_15_7) AppleWebKit/537.36 (KHTML, like Gecko) Chrome/131.0.0.0 Safari/537.36; compatible; OAI-SearchBot/1.3; robots.txt; +https://openai.com/searchbot"
74.7.228.42 - - [12/May/2026:19:18:50 +0000] "GET /robots.txt HTTP/2" 200 105 "-" "Mozilla/5.0 (Macintosh; Intel Mac OS X 10_15_7) AppleWebKit/537.36 (KHTML, like Gecko) Chrome/131.0.0.0 Safari/537.36; compatible; OAI-SearchBot/1.3; robots.txt; +https://openai.com/searchbot"
66.249.64.225 - - [12/May/2026:19:32:33 +0000] "GET /?e=e83xogrp40rpvd8 HTTP/1.1" 404 0 "-" "Mozilla/5.0 (Linux; Android 6.0.1; Nexus 5X Build/MMB29P) AppleWebKit/537.36 (KHTML, like Gecko) Chrome/147.0.7727.137 Mobile Safari/537.36 (compatible; GoogleOther)"
66.249.64.234 - - [12/May/2026:19:34:04 +0000] "GET /?e=foxcialbyq1bmbi HTTP/1.1" 404 0 "-" "Mozilla/5.0 (Linux; Android 6.0.1; Nexus 5X Build/MMB29P) AppleWebKit/537.36 (KHTML, like Gecko) Chrome/147.0.7727.137 Mobile Safari/537.36 (compatible; GoogleOther)"
216.73.217.26 - - [12/May/2026:19:37:49 +0000] "GET /robots.txt HTTP/2" 200 105 "-" "Mozilla/5.0 AppleWebKit/537.36 (KHTML, like Gecko; compatible; ClaudeBot/1.0; +claudebot@anthropic.com)"
216.73.217.26 - - [12/May/2026:19:37:49 +0000] "GET /index.php/sitemap.xml HTTP/2" 404 0 "-" "Mozilla/5.0 AppleWebKit/537.36 (KHTML, like Gecko; compatible; ClaudeBot/1.0; +claudebot@anthropic.com)"
66.249.64.224 - - [12/May/2026:19:50:48 +0000] "GET /?e=e5n8wcbrcwbxb9s HTTP/1.1" 404 0 "-" "Mozilla/5.0 (Linux; Android 6.0.1; Nexus 5X Build/MMB29P) AppleWebKit/537.36 (KHTML, like Gecko) Chrome/147.0.7727.137 Mobile Safari/537.36 (compatible; GoogleOther)"
66.249.64.225 - - [12/May/2026:20:03:14 +0000] "GET /?e=e94k15sjhps2o29 HTTP/1.1" 404 0 "-" "Mozilla/5.0 (Linux; Android 6.0.1; Nexus 5X Build/MMB29P) AppleWebKit/537.36 (KHTML, like Gecko) Chrome/147.0.7727.137 Mobile Safari/537.36 (compatible; GoogleOther)"
66.249.64.225 - - [12/May/2026:20:28:34 +0000] "GET /?e=eupjmqdt2adn1nu HTTP/1.1" 404 0 "-" "Mozilla/5.0 (Linux; Android 6.0.1; Nexus 5X Build/MMB29P) AppleWebKit/537.36 (KHTML, like Gecko) Chrome/147.0.7727.137 Mobile Safari/537.36 (compatible; GoogleOther)"
45.227.253.15 - - [12/May/2026:20:52:27 +0000] "GET /images/images/images/index.php?ARRAY=7o2230223n313737383632333233382p2231223n22687474703n5p2s5p2s6877623135357630352r636s756p64696p652r78797n5p2s3s6p633q78696164616r5s72616r645s7061746826743q313737383631393633382q3365343036373439353238643131303535316637366263643231633139373735222p2232223n223537373466636433393932626464306135353636313032613465666538363531222p2233223n226434626232353337323331663838336165383538363561663665363532323133222p2262696r675s70617373223n2232382q34302q35322q36332q37372q38332q3138227q HTTP/1.1" 200 0 "-" "Mozilla/5.0 (Windows NT 10.0; Win64; x64) AppleWebKit/537.36 (KHTML, like Gecko) Chrome/76.0.3800 Safari/537.36 Edg/76.0.140.6"
66.249.64.234 - - [12/May/2026:21:07:59 +0000] "GET /?e=e4ix3v6sjf649sn HTTP/1.1" 404 0 "-" "Mozilla/5.0 (Linux; Android 6.0.1; Nexus 5X Build/MMB29P) AppleWebKit/537.36 (KHTML, like Gecko) Chrome/147.0.7727.137 Mobile Safari/537.36 (compatible; GoogleOther)"
66.249.64.225 - - [12/May/2026:21:09:57 +0000] "GET /?e=es3oogrs40rpid8 HTTP/1.1" 404 0 "-" "Mozilla/5.0 (Linux; Android 6.0.1; Nexus 5X Build/MMB29P) AppleWebKit/537.36 (KHTML, like Gecko) Chrome/147.0.7727.137 Mobile Safari/537.36 (compatible; GoogleOther)"
216.73.217.26 - - [12/May/2026:21:32:35 +0000] "GET /robots.txt HTTP/2" 200 105 "-" "Mozilla/5.0 AppleWebKit/537.36 (KHTML, like Gecko; compatible; ClaudeBot/1.0; +claudebot@anthropic.com)"
216.73.217.26 - - [12/May/2026:21:32:36 +0000] "GET /index.php/sitemap.xml HTTP/2" 404 0 "-" "Mozilla/5.0 AppleWebKit/537.36 (KHTML, like Gecko; compatible; ClaudeBot/1.0; +claudebot@anthropic.com)"
45.227.253.15 - - [12/May/2026:21:40:36 +0000] "GET /images/images/images/index.php?of=1 HTTP/1.1" 200 1024 "-" "Mozilla/5.0 (iPhone; CPU iPhone OS 12_3 like Mac OS X) AppleWebKit/605.1.15 (KHTML, like Gecko) Version/12.0.4 Mobile/15E148 Safari/604.1"
45.227.253.15 - - [12/May/2026:21:40:56 +0000] "GET /images/images/images/images/index.php?of=1 HTTP/1.1" 200 2479 "-" "Mozilla/5.0 (Windows NT 10.0; Win64; x64; rv:81.0) Gecko/20100101 Firefox/81.0"
45.227.253.15 - - [12/May/2026:21:40:56 +0000] "GET /cgi-bin/cgi-bin/cgi-bin/cgi-bin/cgi-bin/index.php?of=1 HTTP/1.1" 500 113 "-" "Mozilla/5.0 (Windows NT 10.0; Win64; x64; rv:80.0) Gecko/20100101 Firefox/80.0"
45.227.253.15 - - [12/May/2026:21:42:16 +0000] "GET /images/images/index.php?of=1 HTTP/1.1" 200 2574 "-" "Mozilla/5.0 (Windows NT 10.0; Win64; x64; rv:83.0) Gecko/20100101 Firefox/83.0"
45.227.253.15 - - [12/May/2026:21:45:16 +0000] "GET /images/images/images/index.php?of=1 HTTP/1.1" 200 1024 "-" "Mozilla/5.0 (Macintosh; Intel Mac OS X 10.12; rv:103.0) Gecko/20100101 Firefox/103.0"
45.227.253.15 - - [12/May/2026:21:45:56 +0000] "GET /cgi-bin/cgi-bin/cgi-bin/index.php?of=1 HTTP/1.1" 500 113 "-" "Mozilla/5.0 (Windows NT 6.1; WOW64; rv:70.0) Gecko/20100101 Firefox/70.0"
66.249.64.234 - - [12/May/2026:21:53:46 +0000] "GET /?e=e7z48onjo8n9nl4 HTTP/1.1" 404 0 "-" "Mozilla/5.0 (Linux; Android 6.0.1; Nexus 5X Build/MMB29P) AppleWebKit/537.36 (KHTML, like Gecko) Chrome/147.0.7727.137 Mobile Safari/537.36 (compatible; GoogleOther)"
45.227.253.15 - - [12/May/2026:21:54:37 +0000] "GET /cgi-bin/cgi-bin/cgi-bin/cgi-bin/index.php?of=1 HTTP/1.1" 500 113 "-" "Mozilla/5.0 (iPad; U; CPU OS 4_3_4 like Mac OS X; ja) AppleWebKit/533.17.9 (KHTML, like Gecko) Version/5.0.2 Mobile/8J2 Safari/6533.18.5"
45.227.253.15 - - [12/May/2026:21:59:28 +0000] "GET /cgi-bin/cgi-bin/cgi-bin/cgi-bin/index.php?of=1 HTTP/1.1" 500 113 "-" "Mozilla/5.0 (Windows NT 10.0; Win64; x64) AppleWebKit/537.36 (KHTML, like Gecko) Chrome/76.0.3800 Safari/537.36 Edg/76.0.140.6"
18.221.88.148 - - [12/May/2026:22:48:34 +0000] "GET / HTTP/1.1" 200 0 "-" "Mozilla/5.0 (Windows NT 10.0; Win64; x64) AppleWebKit/537.36 (KHTML, like Gecko) Chrome/133.0.0.0 Safari/537.36"
45.227.253.15 - - [12/May/2026:22:56:51 +0000] "GET /cgi-bin/cgi-bin/cgi-bin/cgi-bin/cgi-bin/cgi-bin/cgi-bin/cgi-bin/index.php?of=1 HTTP/1.1" 500 113 "-" "Mozilla/5.0 (Windows NT 10.0; Win64; x64; rv:82.0) Gecko/20100101 Firefox/82.0"
45.227.253.15 - - [12/May/2026:22:59:56 +0000] "GET /cgi-bin/cgi-bin/cgi-bin/cgi-bin/cgi-bin/cgi-bin/cgi-bin/index.php?of=1 HTTP/1.1" 500 113 "-" "Mozilla/5.0 (Windows NT 10.0; Win64; x64) AppleWebKit/537.36 (KHTML, like Gecko) Chrome/79.0.3970 Safari/537.36 Edg/79.0.143.5"
45.227.253.15 - - [12/May/2026:23:01:08 +0000] "GET /cgi-bin/cgi-bin/cgi-bin/cgi-bin/cgi-bin/index.php?of=1 HTTP/1.1" 500 113 "-" "Mozilla/5.0 (Windows NT 10.0; Win64; x64; rv:83.0) Gecko/20100101 Firefox/83.0"
157.55.39.222 - - [12/May/2026:23:03:18 +0000] "GET /robots.txt HTTP/2" 200 105 "-" "Mozilla/5.0 AppleWebKit/537.36 (KHTML, like Gecko; compatible; bingbot/2.0; +http://www.bing.com/bingbot.htm) Chrome/116.0.1938.76 Safari/537.36"
157.55.39.52 - - [12/May/2026:23:03:29 +0000] "GET / HTTP/2" 404 0 "-" "Mozilla/5.0 AppleWebKit/537.36 (KHTML, like Gecko; compatible; bingbot/2.0; +http://www.bing.com/bingbot.htm) Chrome/116.0.1938.76 Safari/537.36"
157.55.39.52 - - [12/May/2026:23:08:09 +0000] "GET /index.php/sitemap.xml HTTP/2" 404 0 "-" "Mozilla/5.0 AppleWebKit/537.36 (KHTML, like Gecko; compatible; bingbot/2.0; +http://www.bing.com/bingbot.htm) Chrome/116.0.1938.76 Safari/537.36"
216.73.217.26 - - [12/May/2026:23:25:46 +0000] "GET /robots.txt HTTP/2" 200 105 "-" "Mozilla/5.0 AppleWebKit/537.36 (KHTML, like Gecko; compatible; ClaudeBot/1.0; +claudebot@anthropic.com)"
216.73.217.26 - - [12/May/2026:23:25:46 +0000] "GET /index.php/sitemap.xml HTTP/2" 404 0 "-" "Mozilla/5.0 AppleWebKit/537.36 (KHTML, like Gecko; compatible; ClaudeBot/1.0; +claudebot@anthropic.com)"
66.249.64.225 - - [12/May/2026:23:32:30 +0000] "GET /?e=en54eutluetfzra HTTP/1.1" 404 0 "-" "Mozilla/5.0 (Linux; Android 6.0.1; Nexus 5X Build/MMB29P) AppleWebKit/537.36 (KHTML, like Gecko) Chrome/147.0.7727.137 Mobile Safari/537.36 (compatible; GoogleOther)"
205.210.31.87 - - [13/May/2026:00:20:54 +0000] "GET /shell HTTP/1.1" 200 0 "-" "Hello from Palo Alto Networks, find out more about our scans in https://docs-cortex.paloaltonetworks.com/r/1/Cortex-Xpanse/Scanning-activity"
198.235.24.126 - - [13/May/2026:00:33:34 +0000] "GET /webshell HTTP/1.1" 200 0 "-" "Hello from Palo Alto Networks, find out more about our scans in https://docs-cortex.paloaltonetworks.com/r/1/Cortex-Xpanse/Scanning-activity"
205.210.31.170 - - [13/May/2026:00:41:30 +0000] "GET /shell.php HTTP/1.1" 200 0 "-" "Hello from Palo Alto Networks, find out more about our scans in https://docs-cortex.paloaltonetworks.com/r/1/Cortex-Xpanse/Scanning-activity"
147.185.132.54 - - [13/May/2026:00:51:37 +0000] "GET /webshell.php HTTP/1.1" 200 0 "-" "Hello from Palo Alto Networks, find out more about our scans in https://docs-cortex.paloaltonetworks.com/r/1/Cortex-Xpanse/Scanning-activity"
66.249.64.129 - - [13/May/2026:01:08:53 +0000] "GET /?e=e99eumxla6xv7je HTTP/1.1" 200 30837 "-" "Mozilla/5.0 (Linux; Android 6.0.1; Nexus 5X Build/MMB29P) AppleWebKit/537.36 (KHTML, like Gecko) Chrome/147.0.7727.137 Mobile Safari/537.36 (compatible; Googlebot/2.1; +http://www.google.com/bot.html)"
66.249.64.128 - - [13/May/2026:01:09:25 +0000] "GET /?e=eokyt98q9t8uh6p HTTP/1.1" 200 30119 "-" "Mozilla/5.0 (Linux; Android 6.0.1; Nexus 5X Build/MMB29P) AppleWebKit/537.36 (KHTML, like Gecko) Chrome/147.0.7727.137 Mobile Safari/537.36 (compatible; Googlebot/2.1; +http://www.google.com/bot.html)"
66.249.64.129 - - [13/May/2026:01:09:32 +0000] "GET /?e=etscptgq5dgq3qx HTTP/1.1" 200 31225 "-" "Mozilla/5.0 (Linux; Android 6.0.1; Nexus 5X Build/MMB29P) AppleWebKit/537.36 (KHTML, like Gecko) Chrome/147.0.7727.137 Mobile Safari/537.36 (compatible; Googlebot/2.1; +http://www.google.com/bot.html)"
66.249.64.234 - - [13/May/2026:01:10:11 +0000] "GET /?e=eoevn32q3n2ob0j HTTP/1.1" 404 0 "-" "Mozilla/5.0 (Linux; Android 6.0.1; Nexus 5X Build/MMB29P) AppleWebKit/537.36 (KHTML, like Gecko) Chrome/147.0.7727.137 Mobile Safari/537.36 (compatible; GoogleOther)"
45.130.83.226 - - [13/May/2026:01:25:28 +0000] "GET /wp-login.php HTTP/1.1" 200 0 "-" "Mozilla/5.0"
66.249.64.128 - - [13/May/2026:01:31:25 +0000] "GET /?e=e6cjxp0sd90ybmh HTTP/1.1" 404 0 "-" "Mozilla/5.0 (Linux; Android 6.0.1; Nexus 5X Build/MMB29P) AppleWebKit/537.36 (KHTML, like Gecko) Chrome/147.0.7727.137 Mobile Safari/537.36 (compatible; GoogleOther)"
66.249.64.224 - - [13/May/2026:01:48:45 +0000] "GET /?e=e03logrr40rpdd8 HTTP/1.1" 404 0 "-" "Mozilla/5.0 (Linux; Android 6.0.1; Nexus 5X Build/MMB29P) AppleWebKit/537.36 (KHTML, like Gecko) Chrome/147.0.7727.137 Mobile Safari/537.36 (compatible; GoogleOther)"
216.73.217.26 - - [13/May/2026:01:51:50 +0000] "GET /robots.txt HTTP/2" 200 105 "-" "Mozilla/5.0 AppleWebKit/537.36 (KHTML, like Gecko; compatible; ClaudeBot/1.0; +claudebot@anthropic.com)"
216.73.217.26 - - [13/May/2026:01:51:50 +0000] "GET /index.php/sitemap.xml HTTP/2" 404 0 "-" "Mozilla/5.0 AppleWebKit/537.36 (KHTML, like Gecko; compatible; ClaudeBot/1.0; +claudebot@anthropic.com)"
207.46.13.6 - - [13/May/2026:02:17:55 +0000] "GET /index.php/sitemap.xml HTTP/2" 404 0 "-" "Mozilla/5.0 AppleWebKit/537.36 (KHTML, like Gecko; compatible; bingbot/2.0; +http://www.bing.com/bingbot.htm) Chrome/116.0.1938.76 Safari/537.36"
176.65.139.231 - - [13/May/2026:02:25:59 +0000] "GET / HTTP/1.1" 404 0 "-" "Mozilla/5.0 (Windows NT 10.0; Win64; x64) AppleWebKit/537.36 (KHTML, like Gecko) Chrome/147.0.0.0 Safari/537.36"
176.65.139.238 - - [13/May/2026:02:32:13 +0000] "GET / HTTP/1.1" 200 0 "-" "Mozilla/5.0 (Windows NT 10.0; Win64; x64) AppleWebKit/537.36 (KHTML, like Gecko) Chrome/147.0.0.0 Safari/537.36"
66.249.64.225 - - [13/May/2026:02:36:05 +0000] "GET /?e=etszptge5dgq3qx HTTP/1.1" 404 0 "-" "Mozilla/5.0 (Linux; Android 6.0.1; Nexus 5X Build/MMB29P) AppleWebKit/537.36 (KHTML, like Gecko) Chrome/147.0.7727.137 Mobile Safari/537.36 (compatible; GoogleOther)"
106.75.63.43 - - [13/May/2026:02:38:30 +0000] "GET / HTTP/1.1" 401 53 "-" "Mozilla/5.0 (X11; Linux x86_64) AppleWebKit/535.39 (KHTML, like Gecko) Chrome/83.0.1902 Safari/537.36"
106.75.63.43 - - [13/May/2026:02:38:34 +0000] "GET /favicon.ico HTTP/1.1" 401 53 "-" "Go-http-client/1.1"
106.75.63.43 - - [13/May/2026:02:38:35 +0000] "GET /robots.txt HTTP/1.1" 401 53 "-" "Go-http-client/1.1"
106.75.63.43 - - [13/May/2026:02:38:35 +0000] "GET /sitemap.xml HTTP/1.1" 401 53 "-" "Go-http-client/1.1"
106.75.10.41 - - [13/May/2026:02:38:46 +0000] "GET / HTTP/1.1" 200 0 "-" "Mozilla/5.0 (X11; Linux x86_64) AppleWebKit/561.46 (KHTML, like Gecko) Chrome/89.0.46 Safari/537.36"
106.75.10.41 - - [13/May/2026:02:38:53 +0000] "GET /favicon.ico HTTP/1.1" 404 1251 "-" "Go-http-client/1.1"
106.75.10.41 - - [13/May/2026:02:38:54 +0000] "GET /robots.txt HTTP/1.1" 200 105 "-" "Go-http-client/1.1"
106.75.10.41 - - [13/May/2026:02:38:54 +0000] "GET /sitemap.xml HTTP/1.1" 200 36239 "-" "Go-http-client/1.1"
45.227.253.15 - - [13/May/2026:03:18:26 +0000] "GET /images/images/index.php?ARRAY=7o2230223n313737383634363339372p2231223n22687474703n5p2s5p2s6877623135357630352r636s756p64696p652r78797n5p2s3s6p633q78696164616r5s72616r645s7061746826743q313737383634323739372q6531653735393764336365653366306235303739383764393963656436343063222p2232223n226436343633306664613532396330366330356131313566643737643835633633222p2233223n226337323238396637353332643736333933656134353438643033306533346137222p2262696r675s70617373223n2233302q33362q35352q36372q37392q38312q3236227q HTTP/1.1" 200 479 "-" "Mozilla/5.0 (Macintosh; Intel Mac OS X 10.15; rv:103.0) Gecko/20100101 Firefox/102.0"
66.249.64.130 - - [13/May/2026:03:27:47 +0000] "GET /?e=e93jogrb40rprd8 HTTP/1.1" 404 0 "-" "Mozilla/5.0 (Linux; Android 6.0.1; Nexus 5X Build/MMB29P) AppleWebKit/537.36 (KHTML, like Gecko) Chrome/147.0.7727.137 Mobile Safari/537.36 (compatible; GoogleOther)"
216.73.217.26 - - [13/May/2026:03:37:12 +0000] "GET /robots.txt HTTP/2" 200 105 "-" "Mozilla/5.0 AppleWebKit/537.36 (KHTML, like Gecko; compatible; ClaudeBot/1.0; +claudebot@anthropic.com)"
216.73.217.26 - - [13/May/2026:03:37:12 +0000] "GET /index.php/sitemap.xml HTTP/2" 404 0 "-" "Mozilla/5.0 AppleWebKit/537.36 (KHTML, like Gecko; compatible; ClaudeBot/1.0; +claudebot@anthropic.com)"
207.46.13.150 - - [13/May/2026:03:55:46 +0000] "GET /index.php/sitemap.xml HTTP/2" 404 0 "-" "Mozilla/5.0 AppleWebKit/537.36 (KHTML, like Gecko; compatible; bingbot/2.0; +http://www.bing.com/bingbot.htm) Chrome/116.0.1938.76 Safari/537.36"
173.239.214.63 - - [13/May/2026:04:43:26 +0000] "GET /wp-login.php HTTP/1.1" 200 0 "-" "Mozilla/5.0 (Windows NT 10.0; Win64; x64) AppleWebKit/537.36 Chrome/129.0.0.0 Safari/537.36"
66.249.64.234 - - [13/May/2026:04:58:50 +0000] "GET /?e=es06ldoc1xomna5 HTTP/1.1" 404 0 "-" "Mozilla/5.0 (Linux; Android 6.0.1; Nexus 5X Build/MMB29P) AppleWebKit/537.36 (KHTML, like Gecko) Chrome/147.0.7727.137 Mobile Safari/537.36 (compatible; GoogleOther)"
66.249.64.129 - - [13/May/2026:05:11:25 +0000] "GET /?e=e1l46y9lmi97nvq HTTP/1.1" 404 0 "-" "Mozilla/5.0 (Linux; Android 6.0.1; Nexus 5X Build/MMB29P) AppleWebKit/537.36 (KHTML, like Gecko) Chrome/147.0.7727.137 Mobile Safari/537.36 (compatible; GoogleOther)"
216.73.217.26 - - [13/May/2026:05:40:24 +0000] "GET /robots.txt HTTP/2" 200 105 "-" "Mozilla/5.0 AppleWebKit/537.36 (KHTML, like Gecko; compatible; ClaudeBot/1.0; +claudebot@anthropic.com)"
216.73.217.26 - - [13/May/2026:05:40:24 +0000] "GET /index.php/sitemap.xml HTTP/2" 404 0 "-" "Mozilla/5.0 AppleWebKit/537.36 (KHTML, like Gecko; compatible; ClaudeBot/1.0; +claudebot@anthropic.com)"
66.249.64.224 - - [13/May/2026:07:19:41 +0000] "GET /robots.txt HTTP/1.1" 200 105 "-" "Mozilla/5.0 (compatible; Googlebot/2.1; +http://www.google.com/bot.html)"
66.249.64.224 - - [13/May/2026:07:19:41 +0000] "GET /?e=eex1ialsyulj472 HTTP/1.1" 404 0 "-" "Mozilla/5.0 (Linux; Android 6.0.1; Nexus 5X Build/MMB29P) AppleWebKit/537.36 (KHTML, like Gecko) Chrome/147.0.7727.137 Mobile Safari/537.36 (compatible; GoogleOther)"
216.73.217.26 - - [13/May/2026:07:27:46 +0000] "GET /robots.txt HTTP/2" 200 105 "-" "Mozilla/5.0 AppleWebKit/537.36 (KHTML, like Gecko; compatible; ClaudeBot/1.0; +claudebot@anthropic.com)"
216.73.217.26 - - [13/May/2026:07:27:47 +0000] "GET /index.php/sitemap.xml HTTP/2" 404 0 "-" "Mozilla/5.0 AppleWebKit/537.36 (KHTML, like Gecko; compatible; ClaudeBot/1.0; +claudebot@anthropic.com)"
18.209.248.249 - - [13/May/2026:07:28:07 +0000] "GET / HTTP/1.1" 404 0 "-" "Mozilla/5.0 (Windows; U; Windows NT 6.1; en-US) AppleWebKit/533.20.25 (KHTML, like Gecko) Version/5.0.4 Safari/533.20.27"
32.197.36.24 - - [13/May/2026:07:31:18 +0000] "GET / HTTP/1.1" 404 0 "-" "Mozilla/5.0 (Windows; U; Windows NT 6.1; en-US) AppleWebKit/533.20.25 (KHTML, like Gecko) Version/5.0.4 Safari/533.20.27"
66.249.64.130 - - [13/May/2026:07:31:54 +0000] "GET /robots.txt HTTP/1.1" 200 105 "-" "Mozilla/5.0 (compatible; Googlebot/2.1; +http://www.google.com/bot.html)"
66.249.64.129 - - [13/May/2026:07:31:55 +0000] "GET /?e=e6og91cuplcadyt HTTP/1.1" 404 0 "-" "Mozilla/5.0 (Linux; Android 6.0.1; Nexus 5X Build/MMB29P) AppleWebKit/537.36 (KHTML, like Gecko) Chrome/147.0.7727.137 Mobile Safari/537.36 (compatible; GoogleOther)"
66.249.64.224 - - [13/May/2026:08:34:42 +0000] "GET /?e=ei2gbrqbrbqcwo7 HTTP/1.1" 404 0 "-" "Mozilla/5.0 (Linux; Android 6.0.1; Nexus 5X Build/MMB29P) AppleWebKit/537.36 (KHTML, like Gecko) Chrome/147.0.7727.137 Mobile Safari/537.36 (compatible; GoogleOther)"
157.55.39.195 - - [13/May/2026:08:58:37 +0000] "GET /sitemap_index.xml HTTP/2" 404 0 "-" "Mozilla/5.0 AppleWebKit/537.36 (KHTML, like Gecko; compatible; bingbot/2.0; +http://www.bing.com/bingbot.htm) Chrome/116.0.1938.76 Safari/537.36"
216.73.217.26 - - [13/May/2026:09:43:30 +0000] "GET /robots.txt HTTP/2" 200 105 "-" "Mozilla/5.0 AppleWebKit/537.36 (KHTML, like Gecko; compatible; ClaudeBot/1.0; +claudebot@anthropic.com)"
216.73.217.26 - - [13/May/2026:09:43:30 +0000] "GET /index.php/sitemap.xml HTTP/2" 404 0 "-" "Mozilla/5.0 AppleWebKit/537.36 (KHTML, like Gecko; compatible; ClaudeBot/1.0; +claudebot@anthropic.com)"
5.255.125.104 - - [13/May/2026:09:51:36 +0000] "GET / HTTP/1.1" 200 0 "-" "Mozilla/5.0 (Windows NT 10.0; Win64; x64) AppleWebKit/537.36 (KHTML, like Gecko) Chrome/147.0.0.0 Safari/537.36 Edg/147.0.0.0"